 -6*r - 16. Let b be u(-11). Let d be 540/b - 8/10. Suppose f - d - 1 = 0. Calculate the remainder when 53 is divided by f.
9
Let t = 8556 - 2511. What is the remainder when t is divided by 21?
18
Let g(b) = -b**3 - 5*b**2 + 4*b + 1. Suppose -v + 3*c + 1 = -2, 36 = -5*v - 2*c. What is the remainder when 62 is divided by g(v)?
10
Let o = -1181 + 1932. Calculate the remainder when o is divided by 54.
49
What is the remainder when 10110 is divided by (19/(-57))/((-579)/576 - (-4 + 3))?
62
Suppose -j = 2*j. Suppose l - 5 - 5 = j. Calculate the remainder when (72/10)/(((-6)/(-5))/3) is divided by l.
8
Let z be 1*(3228/15 - 3/15). Let i be (-4)/30 + z/(-75). What is the remainder when 87 is divided by (i/(-4))/3 - 174/(-8)?
21
Suppose 383 = 2*r - y, 0 = -3*r - 2*r + 4*y + 965. What is the remainder when r is divided by 4/8*3*-4 + 70?
61
What is the remainder when 143 is divided by 20/(-10) - (2 + (-8 - 3)) - -115?
21
Let z = 16381 - 16330. Calculate the remainder when 3466 is divided by z.
49
Suppose 25*s - 11*s - 84 = 0. Suppose 224 = -p + 5*p. Suppose 4*k - 60 = p. Calculate the remainder when k is divided by s.
5
Let m = -7368 - -13514. Calculate the remainder when m is divided by 9.
8
Let i = -5053 + 6491. Calculate the remainder when i is divided by 20.
18
Suppose -7*n = 5*t - 10*n - 1213, 3*t = -n + 711. Calculate the remainder when t is divided by 114.
11
Let z = 183 - 75. Suppose 37*f - 26*f - 319 = 0. What is the remainder when z is divided by f?
21
Suppose -4*c - 2*q - 166 = 0, -2*q + 178 = -c - 3*c. Let j = 2098 + -2046. Let s = j + c. Calculate the remainder when 14 is divided by s.
5
Suppose 117*r - 2*l = 113*r + 92, -4*r - 159*l = 552. Let w be (0 + -1)*1 - -34. Suppose -4*h = -h - w. What is the remainder when r is divided by h?
10
Let s = -14776 + 14951. Suppose r = 5, 0*l - 4*r = -2*l - 4. Calculate the remainder when s is divided by l.
7
Let v(x) = -x**3 + 3*x**2 + 2*x - 2. Let q be v(4). Suppose 157*a = 218*a - 1769. Let c = q + a. Calculate the remainder when 73 is divided by c.
16
Suppose 1838*d - 2645 = 1723*d. What is the remainder when 7564 is divided by d?
20
What is the remainder when ((-16)/(-6) + (140/(-30))/7)*2377 is divided by 29?
27
Suppose -9*h + 7*h = -24. Suppose 3*x + 54 = h. Let g = 28 + x. Calculate the remainder when 55 is divided by g.
13
Suppose 5*i = -338*t + 337*t + 7247, 4*t - 5*i - 28888 = 0. What is the remainder when t is divided by 30?
27
Suppose -6*w + w + 4*q = -41, -2*w + 19 = q. Suppose k + 800 = w*k. Suppose -4*u = -0*u - 84. Calculate the remainder when k is divided by u.
16
Let d(g) = 161*g**2 - 24*g - 50. Calculate the remainder when d(-2) is divided by 214.
0
Suppose 40 = -n + 5*n + 4*p, 5*p - 35 = -2*n. Suppose 0*k = -k + 5*c + 64, n*c - 170 = -5*k. Calculate the remainder when 113 is divided by k.
35
Let i = 32 - 25. Let z = -67 - -79. Calculate the remainder when z is divided by i.
5
Let m(g) = 6*g + 7. Suppose 3*n = -2*n. Let o = 10 - n. What is the remainder when m(5) is divided by o?
7
Suppose 3*n - 822 = -u, 5*u - 4*n - 455 - 3541 = 0. What is the remainder when u is divided by 13?
11
Let z(u) = 35*u + 5. Let s be z(4). Suppose 0 = 9*j - 649 + s. Calculate the remainder when 166 is divided by j.
54
Let s(b) = 74*b**2 + 2822*b + 5. What is the remainder when s(-39) is divided by 43?
7
Let r = -167 + 2124. What is the remainder when r is divided by 22?
21
Suppose 77*u - 939 = u + 2785. What is the remainder when 154 is divided by u?
7
Let u be -7 + (-5)/5*47. Calculate the remainder when (u/(-81))/(-2 + (-2608)/(-1302)) is divided by 23.
10
Let w(p) = 2*p**2 - 92*p + 36. What is the remainder when w(-13) is divided by 105?
100
What is the remainder when ((-200600)/5310)/((-1)/9) is divided by 325?
15
Let a(p) = -100*p - 2574. Calculate the remainder when 80 is divided by a(-26).
2
Suppose u - 2 = 17. Suppose 2*p - u = 21. Suppose 2 = 3*t + 8, 4*t - 16 = -4*o. Calculate the remainder when p is divided by o.
2
Let z(k) = k**3 - 15*k**2 + 4*k + 39. Let m be z(16). Suppose 129 = 4*g - m. What is the remainder when g is divided by 44?
34
Let i(j) = -j**3 + 6*j**2 + 3*j - 5. Suppose -3*s - 510 = -3*h, 4*s - 260 = 5*h - 1110. Let d = h - 108. What is the remainder when d is divided by i(6)?
10
Suppose 0 = f - 15 - 14. Let j(s) = s**3 - 9*s - 16. Calculate the remainder when -6 + f - (0 + 1) is divided by j(4).
10
Suppose -h = 5, 36*x + 3*h = 32*x + 25. Let j(i) = i**3 - 8*i**2 - 18*i - 5. Let s = 17 - 4. Calculate the remainder when j(x) is divided by s.
2
Calculate the remainder when ((-38)/((-228)/149))/((-1)/(-18)) is divided by 111.
3
Let d(g) = -g**2 - 42*g + 11216. What is the remainder when 653 is divided by d(86)?
29
What is the remainder when 888 + 1 - (524 - 545) is divided by 899?
11
Suppose 9*b - 2*b - 343 = 0. Let w = 56 + 40. Calculate the remainder when w is divided by b.
47
Let h(p) = -64*p**3 - 10*p**2 - 19*p - 1. What is the remainder when h(-2) is divided by 9?
5
Let t = -407 + 1048. Calculate the remainder when t is divided by 81.
74
Let o be (4/(-10) - (-22)/5) + 5. Let i(b) = b**2 - 8*b - 3. Let z be i(o). What is the remainder when 43 is divided by 965/30 + (-1)/z?
11
Let s(d) = 5*d - 3. Suppose 2*k + k - 27 = 0. Let f be s(k). Suppose 0 = -2*a + 58 - f. Calculate the remainder when 28 is divided by a.
4
Calculate the remainder when 279/124 + (-4940)/(-16) is divided by 101.
8
Suppose -354 = -n - 5*l, -3*l + 553 = -5*n + 2155. What is the remainder when n is divided by 21?
9
Suppose 22*v - 93 = -9*v. Let u = 10 + v. Calculate the remainder when 45 is divided by u.
6
Let m = 274 - 251. Calculate the remainder when 97 is divided by m.
5
Let p = 4012 + -3908. What is the remainder when 235 is divided by p?
27
Suppose -90*x - 128 = -92*x. What is the remainder when 565 is divided by x?
53
Let v(z) = -58 - 23*z + 13*z**2 - 5 - 14*z**2. Let k(i) = -i**2 - 16*i - 11. Calculate the remainder when v(-19) is divided by k(-15).
1
What is the remainder when 699 is divided by (-70)/168*-12 + (-22)/(-1)?
24
Let j(s) be the second derivative of s**4/3 - s**3/3 + 5*s**2/2 + 125*s. Calculate the remainder when j(5) is divided by 25.
20
Suppose -18*m + 2503 = 829. Calculate the remainder when m is divided by 12.
9
Let v = 6016 + -5886. Calculate the remainder when 4285 is divided by v.
125
Let z(m) = -2*m**3 - 13*m**2 - 2*m + 6. Calculate the remainder when z(-8) is divided by 43.
42
Suppose 0 = -6*b - 4*u + 26, 3*u = 561*b - 563*b - 3. Suppose 0*q - 539 = -2*q - g, -g = -1. Calculate the remainder when q is divided by b.
8
What is the remainder when 5110 is divided by (-123)/(-10) - 12/120 - (-3)/(-15)?
10
What is the remainder when 1718 is divided by 16592/793 - ((-12)/39)/4?
17
Let r(q) = -8*q - 113. Let c be r(-21). Suppose z + 42*f - 23 = 44*f, -3*z - f + c = 0. Calculate the remainder when 72 is divided by z.
15
What is the remainder when (10750/(-30))/(25/15 + -2 + 0) is divided by 47?
41
What is the remainder when (43500/(-58))/((-6)/20) is divided by 496?
20
Suppose -9*x = 4*x - 286. Suppose 5*p = 2*g - 0*p + 17, -x = -3*g - 2*p. Suppose 0 = -g*l + 15 + 53. What is the remainder when l is divided by 7?
3
Suppose 8 = -4*l, 61*a - 2*l - 404 = 59*a. What is the remainder when a is divided by 64?
8
Suppose 5*x + 87*q - 82*q - 3245 = 0, 2*q + 631 = x. Calculate the remainder when x is divided by 240.
163
Let n(i) = -i**2 - 2*i + 11. Let g be n(8). Let v = g - -80. Let d(c) = c**3 - 10*c**2 + 10*c + 20. What is the remainder when d(10) is divided by v?
10
Let a = -25 + 148. Suppose 0 = -127*o + a*o + 184. What is the remainder when o is divided by 24?
22
Suppose -w + 4*a + 7 = 2*a, 0 = -2*a - 4. Let n be 2*(w + (-46)/4 + -1). Let v = 30 + n. Calculate the remainder when v is divided by 3.
2
Suppose -85*p = 4*n - 86*p - 599, 0 = -3*n - 3*p + 483. What is the remainder when 1812 is divided by n?
140
Let b = 76 + -49. Suppose 60*i = 6*i + 1134. Let u = i + b. Calculate the remainder when u is divided by 17.
14
Let g = 43 - 127. Let n = g + 99. Calculate the remainder when 46 is divided by n.
1
Let h(r) = -r**3 + 14*r**2 - 10*r - 33. Let g be h(13). Suppose g*m - 8*m + 3*l + 20 = 0, m - 19 = -3*l. Calculate the remainder when 218 is divided by m.
10
Let x(w) = -3*w + 1192*w**2 + 77 - 32